w. Let n be (-2)/3 - x/3. Suppose n*h = 5 + 3. What is the units digit of h?
4
What is the tens digit of (-16)/(-24) - 163/(-3)?
5
Let q = -6 + 25. What is the units digit of q?
9
Let r(y) = y**3 + 10*y**2 + 12*y - 3. What is the tens digit of r(-6)?
6
Let j be ((-8)/6)/((-3)/(-9)). Let r be 11/2*j/(-2). Suppose 5*g - 2 = 3*i + r, -5 = 5*i. What is the units digit of g?
2
Suppose 20 = 6*o - o. Let d = o - 7. Let r = d - -5. What is the units digit of r?
2
Let t(x) = -x**3. Let w(s) = 5*s**3 - 3*s**2 - 2*s - 3. Let q(i) = -6*t(i) - w(i). Let z be q(-2). Suppose -4*n = -z*n - 13. What is the tens digit of n?
1
Let a = 264 + -170. What is the units digit of a?
4
Suppose -3*m + 34 = 2*t - 0*t, -2*m + 21 = t. What is the tens digit of ((-2)/(-4) - -2)*m?
2
Suppose u + 12 = 4*s, 20 = 5*s - 5. Let k be 50/6 + u/12. What is the units digit of (-1 + 2)*k/3?
3
Let j = -5 + 11. What is the units digit of j?
6
Suppose -7*w + 20 = -3*w. Suppose 4*j = -k - 2, 5*k - 6 = -w*j + 14. What is the units digit of k?
6
Let x be (6/4)/(4/8). Suppose 104 = x*q - q. What is the tens digit of q?
5
Suppose 2*y = -s + 7, 4*s - 25 = 9*s. What is the units digit of y/9 + 19/3?
7
Let r(h) = -h**3 + 5*h**2 - 8*h + 7. What is the units digit of r(2)?
3
Let w be ((-45)/(-2))/(12/16). Let n be (48/w)/(1/5). Let j(x) = x**3 - 8*x**2 + 10. What is the tens digit of j(n)?
1
Let h(p) be the second derivative of -p**5/20 + 11*p**4/12 - 3*p**3/2 - p**2 + p. Suppose 11 + 29 = 4*r. What is the units digit of h(r)?
8
Let g(h) = 5*h - 4. Let w be g(3). Suppose 2*f - 25 = w. What is the units digit of f?
8
Suppose 0 = 2*d - 13 + 1. What is the units digit of d/8 + (-345)/(-20)?
8
Suppose 195 = 6*w - w. What is the units digit of w?
9
Let y(b) = b + 5. Let g be y(5). Suppose 5*z + 0 - g = 0. Suppose 0 = -n + 2*o + 17, z*o - o = -4*n + 32. What is the units digit of n?
9
Suppose 3*o - 69 = -g, 2*g + 2*g = -5*o + 262. What is the units digit of g?
3
Let d(k) = 18*k - 3. Let w(q) = 35*q - 5. Let h(s) = 5*d(s) - 3*w(s). What is the tens digit of h(-1)?
1
Let t(s) = -s**2 + 12*s - 15. Let z(p) = -p. Let o(u) = t(u) - 2*z(u). What is the tens digit of o(11)?
1
Let z(l) = 71*l**3 + l**2 - 4*l + 2. What is the tens digit of z(1)?
7
Suppose v + 2 = 2*v. What is the units digit of v?
2
Let f(v) = -2*v - 6. Let t be f(-6). Suppose -3*h - 4*p - 6 = -0*h, 0 = 3*h - 3*p + t. Let k(o) = 3*o**2 - o + 2. What is the units digit of k(h)?
6
Suppose -5*i = -2*x - 66 + 12, 5*x = 2*i - 30. What is the tens digit of i?
1
Let n be (5 + -4)*4 + 42. Let p = n - 25. What is the units digit of p?
1
Let b be (-6)/2*(3 + -4). Let i = 9 + b. What is the units digit of i?
2
Suppose 3*n - 44 = -8. Let b = 44 - n. What is the units digit of b/18 - (-2)/9?
2
Let r be (-2 - -3)*(5 - -2). Let w = -1 + r. What is the units digit of w?
6
Suppose -t = -2, 2*r + 0*t = -2*t - 20. Let p = -14 - -32. Let l = p + r. What is the units digit of l?
6
Let l = -43 + 84. What is the tens digit of l?
4
Suppose 5*c + 5*r = 96 + 269, 0 = -5*c + 2*r + 358. What is the tens digit of c?
7
Let s = -16 - -47. What is the tens digit of s?
3
Suppose -5*x = 25, 0 = -k + 2*x - 0*x + 14. Let r(b) = b**2 - 5*b + 2. Let s be r(k). Let v = 9 - s. What is the units digit of v?
1
Let z be 2/7 + 2/(-7). Let w = 40 - z. Suppose 5*v = 9 - 4, -5*v - w = -5*i. What is the units digit of i?
9
Let q = -31 + 80. What is the units digit of q?
9
Let g = -50 - -78. What is the tens digit of g?
2
Let s be (-6)/9*(-3)/(-2). Let f(a) = -3*a. Let g be f(-1). Let k = s + g. What is the units digit of k?
2
Suppose 5*l - 8 = l. Let c be l + (0 + 0)/(-2). Suppose -3*k + 7 = -c*k. What is the units digit of k?
7
Suppose -2*v + 3 = -3. Suppose 2*y + y + 19 = z, -v*y - 40 = -4*z. What is the units digit of z?
7
Suppose -2*r + 3*r - 8 = -4*v, 4*r + v - 17 = 0. Suppose 0 = -y - 5 + 33. Suppose -y = -r*b + 2*b. What is the units digit of b?
4
Let w(u) = -u**3 + 3*u + 1. Let i be w(-2). What is the tens digit of ((-3)/2)/(i/(-20))?
1
Let l(a) = a - 1. Let p be l(10). Let c = -4 + p. What is the units digit of c?
5
Suppose -3*k = 2*i - 3, -3 = k + 4*i - 4. Let q = 1 - -1. Let x = k + q. What is the units digit of x?
3
Suppose 0*j - 2*j + 6 = 0. Suppose j*t - 2*t - 16 = 0. What is the units digit of t?
6
Let y(c) be the second derivative of -c**5/20 + 11*c**4/12 + c**3/3 - 4*c**2 - 6*c. What is the units digit of y(11)?
4
Let x(y) = -3*y + 18. Let i(r) = -2*r + 9. Let n(s) = -5*i(s) + 3*x(s). What is the tens digit of n(11)?
2
Suppose -2*i + 246 = -5*j, -6*i + 5*j + 133 = -5*i. What is the tens digit of i?
1
Let g(p) = -5*p - 51. What is the tens digit of g(-20)?
4
Suppose -2*l = 5*h - 15, 4*h - 30 = 2*l - 0*h. Let y(n) = -n**3 - 5*n**2 - n + 2. What is the units digit of y(l)?
7
Let j be 2 + (18/2)/(-3). Let t be (0 + j + 0)*-2. Suppose 0 = h - t*h + 7. What is the units digit of h?
7
Suppose -52 = -2*s - 0*s. What is the units digit of s?
6
Suppose 80 = h + 3*h. Let l = h + -31. Let i = -3 - l. What is the units digit of i?
8
Let n(s) = s**3 - 5*s**2 - 2*s - 2. Let q be n(5). Let x = q - -27. What is the tens digit of x?
1
Suppose -5*l = -2*z + 14 - 5, z + 4*l = -2. Let q be z/6 - (-40)/15. What is the units digit of 1/(-1) + q + 2?
4
Let j(o) = 6*o**2. Let k be j(1). Suppose 18 = 2*t + 3*l, -k*l + l = t + 5. What is the units digit of t?
5
What is the tens digit of -3*(434/(-30) - 2/10)?
4
Let k be 13 - -1*(-1 + 0). Suppose 3*m - m = k. What is the units digit of m?
6
Let i(n) = -n**3 - 7*n**2 - 9*n - 4. Let g be (36/(-30))/((-1)/(-5)). Let a be (3/(-2))/(g/(-24)). What is the units digit of i(a)?
4
What is the units digit of -2 + 1 + 85 + -4?
0
Let b(p) = -p**3 - p**2 + p + 2. Let o be b(0). Suppose l = -o*l + 36. What is the units digit of l?
2
Let q(o) = o - 11. Suppose 0 = -2*l + 7*l. Let g be q(l). What is the tens digit of (-4)/(-22) - 108/g?
1
What is the units digit of ((-3 - 1) + 34)*1?
0
Suppose -4*i + 0*p = -2*p - 324, -4*p = -3*i + 238. What is the units digit of i?
2
Suppose -d + 102 = 2*y + d, y - 49 = -3*d. What is the units digit of y?
2
Let i(q) = 3*q**2 + 4*q - 4. What is the units digit of i(-6)?
0
Let c(q) = -q + 1. Let l(o) = o**2 - 4*o - 5. Let j(h) = -2*c(h) - l(h). Let y = 8 - 2. What is the units digit of j(y)?
3
Let r be (4/(-3))/((-13)/(-39)). Let x = r - -23. What is the tens digit of x?
1
Suppose c - 1 = i - 9, -4 = 4*i. Let a be c - -4 - (-1 + 1). What is the units digit of -1 - a/((-1)/(-1))?
4
Let j(r) = -r + 2. Let i be (-12)/8 + 13/2. Let p be j(i). Let s(a) = -a - 2. What is the units digit of s(p)?
1
Suppose 728 = 4*c - 4*g, -4*c = 6*g - g - 746. What is the tens digit of c?
8
Let w(b) = -4*b**3 + 12*b**2 - 1. Let c(r) = 3*r**3 - 11*r**2. Let v(x) = 3*c(x) + 2*w(x). Let z be v(9). What is the units digit of (-1 + 2)*(-2)/z?
1
Suppose -3*t = -6*t + 48. Let r = t - -2. What is the units digit of r?
8
Let u(t) = 3*t - 5*t + 0*t. What is the tens digit of u(-7)?
1
Suppose -2*q + 0 + 2 = 0. Let w = q - -5. Suppose w*h - 32 = 2*h. What is the units digit of h?
8
Suppose d = 2*h - 0*h + 3, -3*h = -3*d + 9. Let o(l) = l**2 - l + 44. Let g be o(h). Suppose -s = 2*y - 38, 5*y + s - 45 - g = 0. What is the units digit of y?
7
Let g = -451 + 643. What is the units digit of g?
2
Suppose -2 = l + 4*u - 25, -7 = l - 2*u. Suppose -15 = -l*o + 6. What is the units digit of o?
7
Suppose 1 = -0*v + v. What is the units digit of v/((-27)/14 + 2)?
4
Let v = -47 + 67. Let n = v + 2. What is the units digit of n?
2
Let b = -18 - 118. What is the tens digit of 12/30 + b/(-10)?
1
Let l = 24 + -14. What is the units digit of (6/l)/((-3)/(-105))?
1
Let w(a) = -a**2 - a. Suppose 0 = -4*t - 5 - 3. Let x be w(t). Let f(p) = p**2 + 2*p + 1. What is the units digit of f(x)?
1
Let v(b) = b**3 + 7*b**2 - 7*b - 10. Let k be (-6)/4*6 - -2. Let x be v(k). Suppose -11 = 4*j - x. What is the units digit of j?
7
Let z be 1/((-6)/4 + 2). Let l(c) = 3*c - 3*c**z - c + 5*c**2 + 2. What is the tens digit of l(-3)?
1
Let v = 6 - 5. Suppose -v = -2*s + 9. Suppose -2*f - s = -3*f. What is the units digit of f?
5
Let y = 16 + -23. Suppose 3*v - 5*h = -25, 11 = -4*v + 3*h - 4. Let s = v - y. What is the units digit of s?
7
Suppose -912 = -3*h - 9*h. What is the units digit of h?
6
Let u(n)